. Let v be p(-2). Let m = v - 25. What is the remainder when 29 is divided by m?
5
Let t = -80 + 88. Suppose 0*p = -2*p - 196. Let l = -68 - p. Calculate the remainder when l is divided by t.
6
Suppose -5*x = 3*c - 4, 4*x = 3*c - 5 - 8. Let h(s) = -s**3 + 2*s**2 + s. Calculate the remainder when (1 - -39 - c) + 3 is divided by h(-2).
12
Let u(l) = 37*l + 5. Let t be u(-2). Let x = -56 - t. What is the remainder when x is divided by 7?
6
Suppose 2*q + 32 = 192. Suppose -7*y + 3*y = -q. Calculate the remainder when 1 + -2 - 154/(-2) is divided by y.
16
Let k = -78 + 75. Suppose -2*n + 82 = -54. What is the remainder when n is divided by k + 1 + 18/3 + 19?
22
Let x(h) = h + 9. Let q be x(-2). Calculate the remainder when 8 is divided by (q/(140/(-12)))/((-2)/20).
2
Let s = -2345 - -2356. Calculate the remainder when 230 is divided by s.
10
Suppose -7*o - 2*o = -2799. Calculate the remainder when o is divided by 39.
38
Let m(r) = -r**2 - 6*r - 4. Let n be m(-7). Let o = 24 + n. Suppose 43 - o = 5*v. Calculate the remainder when 23 is divided by v.
5
Let k(z) = -11*z - 45. Let d(v) = -v**3 + 9*v**2 - 8*v - 2. Let a be d(7). Let q = a - 11. What is the remainder when q is divided by k(-5)?
9
Let f = -108 - -116. Calculate the remainder when f is divided by 7.
1
Suppose -3*b - 2*b - 1 = -2*s, -2*b = -s + 3. Let y(w) = -3*w + 30 - w**2 - 8*w - 25. What is the remainder when y(-9) is divided by s?
10
Let s = -127 - -127. Suppose s = 6*j - 9*j + o + 8, -5*j - 4*o = -19. What is the remainder when 6 is divided by j?
0
What is the remainder when (-73)/219 + (-3)/((-9)/337) is divided by 19?
17
What is the remainder when (1 - -1)*(-35)/(-2) is divided by 6 - 0*(21/(-7))/9?
5
Suppose j = -5*y - 28, y = -j + 2*y - 4. Let g be -53*2*j/16. Suppose 0*r + r - g = 5*a, 2*a + 59 = r. Calculate the remainder when r is divided by 22.
19
Let h(r) = -r**2 - 16*r - 15. Let v(s) = -101*s + 1. Let o be v(-1). Suppose -3*u + 2*u = -o. Calculate the remainder when u is divided by h(-14).
11
Suppose -i = -2*p + i + 118, 3*i + 15 = 0. Suppose -v + p = 8*v. What is the remainder when v is divided by 1?
0
What is the remainder when (363/(-4))/(117/(-156)) is divided by 42?
37
Let o(h) = 2*h - 10. Let f be o(8). Suppose 3*b + 16 = -z + 5*z, b = 2*z - f. What is the remainder when (-3)/(24/94)*b is divided by 12?
11
Calculate the remainder when ((-12)/(-16))/((-21)/(-1708)) is divided by 17.
10
Suppose -5*r = -r + 12, -2*c + 2*r + 258 = 0. Calculate the remainder when 4156 is divided by c.
124
Suppose 557*l = 550*l + 175. What is the remainder when 245 is divided by l?
20
Suppose -2*y + 12 = 4*b, 0*b + 24 = 4*b - 4*y. Suppose 108 = b*n + 5*v, 0 = -12*n + 7*n - v + 135. Calculate the remainder when 106 is divided by n.
25
Suppose -3542 = 26*x - 5180. Let p = -8 + 14. Calculate the remainder when x is divided by p.
3
Let t = 235 - 53. Let f = t - 136. Calculate the remainder when 134 is divided by f.
42
Let v be (-11)/2*-22 + 0. Let u = 223 - v. Suppose 27 = 4*a + 7, 4*c - u = -2*a. Calculate the remainder when c is divided by 8.
7
Suppose -138*r - 2*r = -10920. Suppose -o + 48 = 3*b + 3*o, -32 = -2*b - o. What is the remainder when r is divided by b?
14
Suppose -2*p - 4 = 0, 0*p = 4*x - 2*p + 148. Let v = x - -53. What is the remainder when 2 - 3/((-3)/41) is divided by v?
13
Let m(v) = 2*v + 45. Calculate the remainder when m(16) is divided by 41.
36
Let j = 265 - 42. What is the remainder when j is divided by 62?
37
Let p(d) = d**3 + d**2 + d - 15. Let h be p(0). Let a(i) = i + 47. Calculate the remainder when a(0) is divided by h*(-8)/6 + -4.
15
Suppose 0 = -15*f + 17 + 13. Calculate the remainder when 7 is divided by f.
1
Suppose -5*i - 407 = -16*i. Calculate the remainder when 107 is divided by i.
33
Let h(b) = b**3 - 15*b**2 + 35*b + 28. What is the remainder when 174 is divided by h(12)?
14
What is the remainder when (1 - 3)/(57/114) + (-59)/(-1) is divided by 2/(1 + 5/(-7))?
6
Let y(i) = 9*i - 60. Suppose -8 = -n - 4*q, -24 - 16 = -5*n - 2*q. What is the remainder when 23 is divided by y(n)?
11
Let g be 2/(3*(-2)/(-6)). What is the remainder when g/(-14) + (-10341)/(-63) is divided by 33?
32
Let j = 282 + -253. Calculate the remainder when 88 is divided by j.
1
Suppose 2*y = -3*y + 5*z + 15, 0 = -4*z. Suppose 0*g = -y*i + 5*g + 69, -2*i - g = -46. Calculate the remainder when 32 is divided by i.
9
Let l(o) = -o**2 + 13*o - 4. Let h = 35 - 27. Let w be l(h). Let u = -21 + w. What is the remainder when u is divided by 4?
3
What is the remainder when ((-225)/(-27) + -8)/((-2)/(-1254)) is divided by 105?
104
Let i = 133 + -128. What is the remainder when 59 is divided by i?
4
Let b(v) = -v**3 - 6*v**2 - v + 4. Calculate the remainder when (-5)/15 + 836/33 is divided by b(-6).
5
Let a(s) = 3*s**2 + 8*s - 45. Calculate the remainder when a(7) is divided by 7.
4
Suppose -19 = -4*u + 3*u. Suppose -15 - 2 = -r - 4*f, -4*r + 2*f = 22. Let d(z) = 4*z**2 - 5*z - 15. What is the remainder when d(r) is divided by u?
17
Let b(a) be the second derivative of a**4/12 - a**3/6 - 7*a**2/2 - 3*a. Let s be b(-3). Suppose -s*u + 2 = -68. What is the remainder when 53 is divided by u?
11
Suppose -7*c - 108 = -3*c. Let g = c + 40. Suppose z - 3*v = 13, -5*z = -z - 4*v - 36. Calculate the remainder when g is divided by z.
6
Let u(b) = 15*b**3 - b**2 - b + 2. Let a be u(1). What is the remainder when 95 is divided by (4/6 - 16/a)*-60?
23
Suppose 108*b = 51*b + 627. What is the remainder when 691 is divided by b?
9
Let z = 12 + -17. Let n be z/((-10)/252) - 1. Suppose 20 - n = -5*u. Calculate the remainder when u is divided by 8.
5
Let w = 54 + -95. Let d = w - -104. What is the remainder when d is divided by 16?
15
Let o(v) = v - 9. Let t be o(5). What is the remainder when 0 - ((-3)/(-12) + 25/t) is divided by 2?
0
Suppose x - 3*h - 25 = 0, 4*x + h - 177 = -51. Suppose 0*m + 3*m - 27 = -5*w, 2*w - 18 = -2*m. What is the remainder when x is divided by m?
4
Let i = 395 + -386. Let c(l) = l + 1. Let f be c(7). Suppose -5*v + 5*b = -145, -2*b = 2*v + f - 54. Calculate the remainder when v is divided by i.
8
Let i(o) = 16*o - 91. What is the remainder when i(12) is divided by 52?
49
Suppose 9*i - 4*i - 350 = 5*d, 280 = 4*i + 2*d. Let q(m) be the first derivative of -m**2 + 4*m - 5. Calculate the remainder when i is divided by q(-7).
16
Suppose -5*v + 73 = -172. Suppose 0*q - 4*q + w = -69, 4*w - 64 = -4*q. What is the remainder when v is divided by q?
15
Let n be (-4 - 88/(-12))*(-6)/(-5). Suppose 17 = z - n*b - 6, -3*z - b + 121 = 0. What is the remainder when z is divided by 21?
18
Suppose -4*r + 578 = -2*g - 0*g, -760 = -5*r - 5*g. What is the remainder when r is divided by 47?
6
Suppose 3*c - 2*o + 98 = -3*o, 4*c = 5*o - 156. Let a = 54 + c. What is the remainder when 38 is divided by a?
18
Let q(n) = n**3 + 16*n**2 + 12*n - 19. Calculate the remainder when 94 is divided by q(-15).
16
Let o(j) = -19*j - 21. What is the remainder when 169 is divided by o(-2)?
16
Suppose -19*n + 177 = -16*n. Suppose -3*z - 5*g + 181 = -0*z, 0 = z + 3*g - n. Let u(m) = m**2 - 4*m + 4. What is the remainder when z is divided by u(6)?
14
Suppose -172 = -4*i - 3*z, -z - 3*z = 0. Calculate the remainder when i is divided by 17.
9
Suppose 189 = 9*d + 117. What is the remainder when 670 is divided by d?
6
Suppose 0 = -3*w - 2*h - 82 + 419, 0 = w - 2*h - 123. Suppose -x + 43 = 3*p, -5*p = -2*x - 3*x + w. What is the remainder when 83 is divided by x?
27
Suppose 0 = -10*k + 28 + 442. Calculate the remainder when k is divided by 14.
5
Suppose 2*u + 2*u + 2*h - 370 = 0, 0 = 2*u + 4*h - 170. Let y = u + -64. Calculate the remainder when y is divided by 16.
15
Let q(v) = -v**2 - 7*v + 42. What is the remainder when q(-8) is divided by 5?
4
Suppose -4*u - 4*r = -264, -5*r = 3*u - 8*u + 280. Calculate the remainder when u is divided by 59.
2
Suppose 11*l - 648 = 2*l. Let u = l + -18. What is the remainder when u is divided by (4 - 2) + (-12)/(-1)?
12
Suppose -3*g = 5*c - 2*g - 145, -c + 4*g = -8. Let f(w) = w**2 - 4*w + 3. Let k be f(5). Let o = c + k. Calculate the remainder when o is divided by 10.
6
Suppose 5*a + 110 = z - 72, -5*z + 991 = 2*a. Calculate the remainder when z is divided by 18.
17
Let v = 2832 - 2775. Calcula